pose 0 = 2*i, 10 = 2*s + i + 40. Let p = -10 - s. What is the greatest common divisor of p and 5?
5
Let p be (0 - -1)/(14/504). Calculate the greatest common divisor of p and 4.
4
Suppose -5*c - 55 = -5*r, 3*r = -r - c + 39. What is the highest common divisor of r and 10?
10
Suppose 3*m + 2*r = 13, 4*m - 2*r = m + 29. Let k be ((-189)/(-6))/m*6. Calculate the greatest common divisor of k and 9.
9
Let v = 26 + -24. Suppose 0 = 4*q - 3*u + 5*u - 28, -v*u + 1 = q. Calculate the highest common divisor of 99 and q.
9
Let k(a) = a + 36. Suppose -4*m + 6*m = 0. Let b be k(m). Calculate the highest common factor of b and 24.
12
Let o = 74 + 41. Suppose 0 = -3*z + 4*z - 29. Suppose 2*y - z = 17. Calculate the greatest common divisor of y and o.
23
Let p(r) = r**2 + 16*r + 15. Let i be p(-16). Calculate the greatest common factor of 15 and i.
15
Suppose 2*q = 5 + 29. What is the highest common divisor of q and 119?
17
Let f = -20 - -44. Calculate the greatest common divisor of f and 96.
24
Let n be (4 + 212/12)*3. Calculate the greatest common divisor of 13 and n.
13
Suppose 2*i = 8, -2*a = 5*i - 8 - 16. Suppose -a*y + 32 = 10. Calculate the highest common factor of y and 99.
11
Let g = -7 - -11. Let i = 15 - g. Suppose 74*b - 704 = 66*b. Calculate the greatest common divisor of i and b.
11
Let f(s) be the first derivative of s**2/2 + 6*s + 1. Let r(y) = y - 25. Let a be r(20). Let p be f(a). What is the greatest common factor of p and 8?
1
Let d be (64/(-20))/(4 - (-786)/(-195)). Calculate the greatest common divisor of 26 and d.
26
Let q(f) = 3*f**2 + 3*f + 3. Let i(y) = 5*y**2 + 5*y + 5. Let a(s) = 5*i(s) - 8*q(s). Let w be a(-2). Calculate the greatest common divisor of 2 and w.
1
Suppose 8*f = 3*f + 20. Suppose -3*z + f*l + 136 = z, -5*z + 142 = 2*l. Let x be (-6)/(-2)*1 - -42. Calculate the highest common divisor of z and x.
15
Let l(n) = 3 + 2 + 2*n - 4. Let i be l(9). What is the highest common divisor of 76 and i?
19
Let j(u) = -3*u - 7. Let q be j(-6). Let v(y) be the first derivative of -2*y**2 + 3*y + 6. Let r be v(-2). What is the greatest common factor of q and r?
11
Suppose 0 = -3*m + 4 + 5. Calculate the highest common factor of 33 and m.
3
Suppose -7*s = -0*s - 770. What is the highest common divisor of s and 10?
10
Let r(v) = -7 + v**3 + 14*v**2 - 11 + 2*v + v**3 - 3*v**3. Let p be r(14). What is the greatest common divisor of 110 and p?
10
Suppose 3 - 7 = -2*i. Let b(x) = 2*x - 1. Let r be b(i). Calculate the greatest common factor of 6 and r.
3
Let h = -42 - -17. Let o = h - -36. Calculate the greatest common factor of 88 and o.
11
Let b be 3/3 - (-1 - -8). Let s = 14 - b. What is the greatest common factor of 30 and s?
10
Let x be ((-1)/2)/((-2)/92). Suppose -2*l = -4*k - 5 - x, 52 = 5*l - 4*k. Calculate the greatest common divisor of l and 8.
8
Let v = -30 + 60. Let y(j) = -j**3 + 9*j**2 - 9*j + 11. Let t be y(8). Calculate the greatest common factor of v and t.
3
Let d = 59 + -19. Suppose 0 = 5*y - 0*y. Let o = 10 + y. What is the highest common factor of d and o?
10
Suppose 68 - 26 = -3*f. Let x be f/(-2) - (-3 + 6). Suppose -2*l - 1 = -57. Calculate the highest common divisor of l and x.
4
Let v = 207 + -119. Suppose 19 = 2*z - 3*f, -2*z = 3*f - 2*f - 23. What is the greatest common divisor of z and v?
11
Let h be (-501)/(-15) - 4/10. Suppose 63 + h = y. What is the highest common divisor of 24 and y?
24
Suppose -4*a = 86 - 30. Let z = 29 + a. Let d = 12 - 7. What is the highest common factor of z and d?
5
Suppose 0 = y - 0*y - 3. Let d(a) = -8*a**2 - y*a**3 + 4*a**3 + 2*a**2 + 2*a + 4. Let f be d(6). Calculate the greatest common divisor of 128 and f.
16
Let h = -3 - -8. Suppose h*j = 15, -j = 3*s + 4*j - 81. Calculate the highest common divisor of 55 and s.
11
Let u(i) be the second derivative of 0 + 5/6*i**3 - i + 3*i**2 - 1/20*i**5 - 1/6*i**4. Let t be u(-4). What is the highest common divisor of 18 and t?
18
Let u = -43 - -53. What is the highest common divisor of 30 and u?
10
Suppose -23 - 505 = -4*z. Let l = 14 + -9. Suppose l*t + 4*i - 60 = 0, 3*t - 3*i + 60 = 8*t. Calculate the highest common factor of z and t.
12
Let q(l) = l + 21. Let h be q(-16). Suppose 0 = -o - h + 10. Calculate the highest common divisor of 40 and o.
5
Let j(v) = 2*v - 6. Let u be j(4). Suppose -5*p + 24 = r, -r - u*p = 3*r - 60. Suppose 4*s = 146 - r. What is the highest common divisor of 3 and s?
3
Let r be (15/(-4) - -3)*-4. Let h(x) = -2*x + 1 - 1 + 2*x**2 + 1. Let g be h(r). Calculate the greatest common divisor of 65 and g.
13
Let z(q) = q + 18. Let o be z(8). What is the highest common divisor of o and 182?
26
Suppose 11 = -x + 3*p, -1 = x + 5*p + 2. Let d be x/(-2)*1*20. Let v(w) = -w**2 + 11*w - 8. Let j be v(8). What is the greatest common factor of j and d?
16
Let z(n) = n**2 + 6*n + 8. Let c be z(-6). Let l = c - 3. Suppose -9 = -l*d + 51. Calculate the greatest common divisor of d and 12.
12
Let z be (-8 - -2)*(-1)/3. What is the greatest common factor of z and 14?
2
Suppose 2*b - 20 = -b + 5*q, 2*b = -4*q + 6. Let w be 8*(b - 1)*1. What is the greatest common divisor of 160 and w?
32
Suppose 0 = -2*w + 3*w - 2. Suppose -8 = 4*y + 2*h, w*h = -5*y + 6*h + 16. Suppose y*o = 2*o - 110. What is the highest common factor of 22 and o?
11
Let a = -33 + 42. What is the highest common factor of 1 and a?
1
Suppose -5 = -3*s + 2*s + 3*u, u + 11 = -2*s. Let t = 41 - 27. Let j = t + s. What is the greatest common divisor of j and 50?
10
Suppose -1271 = -7*q + 577. Suppose -5*u + 203 - 1123 = 0. Let x = q + u. Calculate the highest common divisor of x and 10.
10
Suppose f + 8 = 63. Suppose 0 = 2*o - t - 25, -13 - 2 = 5*t. What is the highest common divisor of f and o?
11
Suppose 5*z - 60 = -5*y, z + y + 3*y = 24. What is the greatest common divisor of z and 16?
8
Suppose 4*v - 2*o = -5*o + 34, 5*v = o + 52. What is the greatest common factor of 70 and v?
10
Let n(i) = 3*i**2 + i**3 + 2*i**2 + 3 - 12*i + i**2. Let c be n(-6). Calculate the highest common factor of c and 15.
15
Let t = 55 - 34. What is the highest common factor of t and 7?
7
Suppose k + k - 3*w - 63 = 0, -2*k + 66 = -2*w. What is the greatest common divisor of k and 54?
18
Suppose 19 = -2*q + 7*q + n, 24 = 4*q + 3*n. Let i be (-6)/(q/8*-1). What is the highest common divisor of i and 48?
16
Let r = 1566 + -1115. Calculate the highest common divisor of 41 and r.
41
Suppose -2*r + z - 6*z = -68, -4*z - 32 = -2*r. Calculate the highest common divisor of r and 8.
8
Let k(u) = -2*u + 1. Let j be k(-9). Suppose 0 = -3*n + s - j, -2*s - 2*s + 27 = -5*n. Let r = -3 - n. Calculate the highest common divisor of r and 10.
2
Suppose -1 = -o + 2. Suppose -g - 3*f - f = -14, 6 = -o*g + 4*f. Suppose 3*m - 30 = -2*p - g, m - 15 = -p. Calculate the greatest common factor of 85 and p.
17
Let b be (2 + -24)*(-2)/(-4). Let v(s) = -2*s + 13. Let k be v(b). Let q = 1 - -13. Calculate the highest common factor of k and q.
7
Suppose 0*o + o = 4. Suppose -c = -o*c + 3. What is the highest common divisor of 1 and c?
1
Suppose 5*c + y - 4*y - 76 = 0, 0 = 3*c + 5*y - 32. Suppose 29 + 11 = 5*u + 4*b, c = 2*u + 2*b. What is the highest common divisor of u and 18?
6
Suppose -2*w + 5*w - 27 = 3*o, 3*o - 8 = -4*w. Let h = w + -3. Suppose u - h = 4*n, -2*u + 3*n + 15 = 1. What is the greatest common factor of 15 and u?
5
Let p = -53 - -54. Calculate the greatest common divisor of p and 11.
1
Suppose 775 = 12*m + 175. Calculate the highest common divisor of m and 70.
10
Suppose -z = -4 - 17. Let k = 1 + z. What is the greatest common divisor of k and 44?
22
Suppose 0 = -h - 1 - 0. Let q = h - -1. Suppose 0 = 4*n - q*n - 120. What is the greatest common factor of n and 6?
6
Let c be (-9)/(-4) - (-1)/(-4). Let f = 21 + c. What is the greatest common divisor of 115 and f?
23
Let j = -8 + 15. Suppose -p + j*p = 18. What is the greatest common divisor of 6 and p?
3
Let a(q) = q**2 + 2*q - 4. Let c = -10 - -16. Let u be a(c). What is the greatest common divisor of u and 11?
11
Let a = -27 + 15. Let t be (a/5)/((-6)/30). Calculate the highest common factor of 12 and t.
12
Let l(s) = 3*s**3 + 2*s**2 + 3*s - 3. Let r be l(2). Let p = 0 - -3. Suppose p*g = 15 - 0. What is the greatest common divisor of g and r?
5
Suppose 0